-16). Suppose -2*c + 1075 = -z. Is c composite?
True
Is (-71)/(-284)*(3 + -1)*184178 + -2 a composite number?
True
Let j(h) = 10643*h**3 + 5*h**2 + 24*h - 91. Is j(3) prime?
True
Suppose -282*t = c - 283*t - 17239, 0 = 4*c + t - 68926. Is c a composite number?
True
Let o(w) = -9512*w**3 + 1. Let b be o(-1). Suppose -21689 = -3*h + 2*u, 4*u - 38445 = -4*h - b. Is h prime?
False
Let o(h) = 516*h**3 + 39*h**2 + 163*h + 23. Is o(11) a prime number?
False
Let d(n) = 5284*n - 2177. Is d(49) composite?
True
Let n = 2332977 + -1348154. Is n prime?
False
Suppose -18*p + 610903 = -408833. Suppose -10*z = 2*z - p. Is z prime?
True
Let x be 5 - (-3 - (-6 + 1)). Suppose 398 = -i + x*n - 113, -i - 5*n - 471 = 0. Let w = -295 - i. Is w a composite number?
True
Suppose -27333 = -5*x + 121612. Is x composite?
False
Let p(t) = -7*t**2 + 27*t + 35. Let c(k) be the first derivative of 4*k**3/3 - 13*k**2/2 - 17*k + 6. Let u(y) = 9*c(y) + 4*p(y). Is u(-8) a composite number?
False
Let m = -129595 + 369789. Is m composite?
True
Let s = 557559 + -368810. Is s prime?
False
Suppose -4*x = -4 - 12. Suppose -x*j = 0, 2536 = o - 2*j - 3390. Suppose -5*k + o = 2111. Is k a composite number?
True
Let g(y) = 949*y - 1578. Is g(23) a composite number?
False
Let s be ((-3)/2)/((-87)/12 + 7). Suppose -s*u = 5*u - 25399. Is u composite?
False
Let g(o) = -10087*o + 171. Let s be g(24). Is (-2 - s/6) + (-3)/(-2) composite?
True
Let y(v) = 5455*v**2 + 23*v - 69. Is y(4) a prime number?
False
Let u = -185 + 186. Let m(x) = 2321*x - 2. Is m(u) composite?
True
Let s(z) = -44*z + 149. Let i be (-32)/(-6)*(-32 - -29). Is s(i) a prime number?
True
Suppose 30 = 3*y - 4*g, 4*g = 3*y + y - 40. Let r(f) = f**3 - 12*f**2 + 22*f - 2. Let l be r(y). Is (-2)/l*3 - (-15092)/6 a prime number?
False
Suppose -5*o + 20 = d, -d + o = 2*o - 36. Let j be (4/8)/(4/d). Suppose 0 = j*f - 3*x - 188, -5*x - 6 + 1 = 0. Is f a composite number?
False
Suppose 0 = -o - 3*v - 2*v + 24, -32 = -5*o - 3*v. Suppose -5*w + 7890 = o*q, 3356 = 4*w - 2*q - 2930. Is w composite?
True
Suppose -19*u = 1542112 - 6184004 - 4993407. Is u a composite number?
True
Suppose -l = 2*d - 45934, -2*l + d + 229648 = 3*l. Let w = l - 31599. Suppose 0 = 9*x + 5628 - w. Is x a composite number?
False
Let c(o) = 24*o + 3181. Let t(r) = -r. Let f(a) = c(a) + 4*t(a). Is f(0) a prime number?
True
Let w be -2*2*(9/(-2) - -3). Let c(h) = 30*h + 8. Let s be c(w). Suppose -2*o - 2*o + s = 0. Is o a prime number?
True
Let a(u) = -2*u**3 + 9*u**2 + 396*u + 213. Is a(-64) composite?
True
Let o(c) = 5 + 40*c**2 + 941*c**2 + 21*c - 23*c - 4. Let x be o(1). Suppose -5*z = 5*p - 0*z - x, 5*z = 2*p - 357. Is p prime?
True
Suppose -2*k + 69971 = 5*n, -2*n + 19*k + 27974 = 15*k. Suppose -6*f = -n - 37013. Is f composite?
False
Let a = 166088 - -135919. Is a composite?
True
Let a = -588 - -58. Let m = a - -898. Let h = m + -145. Is h prime?
True
Let x(z) = 2628*z**2 - 14*z - 61. Is x(-4) prime?
True
Suppose 0 = -4*k - 5212 + 1112. Let o = k + 4923. Is o a composite number?
True
Is 10090 - -5 - (1 + 8/((-40)/25)) a composite number?
False
Suppose 0 = -17*h + 58*h - 24*h - 285379. Is h a prime number?
True
Suppose 17500 = 41*t - 36*t. Suppose 0 = 4*r - 8*r + t. Let l = -610 + r. Is l a prime number?
False
Let k be 4/12 - (-6)/9. Let l(w) = 7*w - 4. Let p be l(k). Suppose -2*a + x + 577 = -988, -3125 = -4*a + p*x. Is a prime?
False
Let q(a) = -211*a - 49. Is q(-62) composite?
False
Suppose -12*l + 36 = -0. Suppose -17320 = -4*u - l*t, -t + 5 - 1 = 0. Is u prime?
True
Suppose -3*m - 877 = 1295. Let z(o) = 4*o**3 + 7*o**2 + o + 11. Let r be z(6). Let a = m + r. Is a a composite number?
False
Let s(x) = 16*x**2 - 12*x + 195. Is s(-109) a prime number?
True
Let m be 0/(-3)*(-6)/12. Suppose m*c - 4*v = 2*c - 930, 0 = 2*v + 4. Suppose 178 + 1732 = 4*w - 3*p, -w + 5*p = -c. Is w a composite number?
False
Suppose 0 = 6*x - 45962 - 168604. Is x prime?
False
Suppose -541*q + 3*i = -546*q + 110543, 2*i = 5*q - 110513. Is q a prime number?
False
Let w be -2*3*((-150)/(-20))/(-15). Suppose 3*y - 24522 = -w*y. Is y prime?
False
Let o(w) = -w**2 + 13*w - 28. Let i be o(10). Suppose 13165 = 5*n - 5*z, -5*z - 5278 = i*n - 4*n. Is n a prime number?
False
Suppose 0 = s + 18*s - 6593. Suppose -t + 708 = -s. Is t a prime number?
False
Let z = 7 + 2. Let w(p) = -70*p + 654*p + 172*p - 83*p - z. Is w(2) a composite number?
True
Suppose -n + 113392 = 13*c - 9*c, -4*c - 3*n = -113384. Is c a composite number?
False
Suppose 129*x = 128*x + 20337. Let d = x - -40924. Is d a composite number?
False
Let i(q) = 3*q + 15. Let c be i(-5). Suppose -2*z - 4*k = 3*z - 336, 4*k + 4 = c. Is (-8)/(-2) + (z - 7) a prime number?
False
Let u(s) = -250*s - 14247. Is u(-112) a prime number?
False
Suppose 0 = 3*n - 3*x + 51, 4*x - 86 = n + 4*n. Let p be 2133/n - ((-10)/(-4) + -1). Is (p/(-35))/6 - (-10335)/7 a prime number?
False
Let h = -204 - -216. Suppose -91983 - 31197 = -h*w. Is w a prime number?
False
Suppose 31081481 = 10*t + 11143911. Is t prime?
True
Let g(x) = 38*x**2 + 3*x - 1. Let t be g(1). Suppose -46*h + t*h = -18. Suppose 0 = -h*o + 6*o - 741. Is o composite?
True
Suppose 806319 = -9*s + 37*s - 19*s. Is s composite?
False
Let o be (-1330058)/(-18) - (385/(-99) + 4). Let j = -41289 + o. Is j composite?
False
Suppose -33*o = -10*o + 23. Is 31 + -37 - (-1746 + o) prime?
True
Let k be (3 + -18)*((-48)/9 - -4). Suppose -5*p = -p + k. Is ((388/p)/(-2))/((-6)/(-15)) prime?
True
Let r = 103 - 113. Let i be 448/(-6) - (r/6 + 3). Let y = i + 1607. Is y prime?
True
Suppose -386625 + 1813379 = 14*k. Is k prime?
False
Let u = 56 + -54. Suppose -6350 - 11554 = u*o. Is (-4)/(-6)*o/(-16) a prime number?
True
Suppose 24*w + 11369 = a + 22*w, a + w = 11372. Is a a composite number?
True
Let w(q) be the second derivative of -q**5/20 + 3*q**4/4 - 5*q**3/6 - 3*q**2/2 - 30*q. Let p be w(9). Is (-32)/p + 3/(9/865) a composite number?
True
Suppose -2*k + 25*u + 162200 = 22*u, -2*u = 4*k - 324352. Is k a composite number?
True
Let i(k) = 21*k - k**3 - 5*k**2 - 9 - 4*k**2 - 22*k. Let p be i(-9). Suppose 0 = -5*u - w + 28318, 5*u + p*w + 2*w = 28321. Is u composite?
True
Suppose 12*z - 104 = 4*z. Let l = z - 8. Suppose l*a - 4*a = 33. Is a composite?
True
Let k = 6 - 1. Let u be (-4 + k)/(1/(-453)). Let x = u + 654. Is x composite?
True
Suppose o - 4*d = -11, 5*o - d - 2*d = 13. Is 302 + o/(15/(-9)) prime?
False
Let a(y) = 6*y + 39. Let d be a(-7). Is 922 + 6/18 + (-2)/d a composite number?
True
Suppose -2*w = 4*j - 660308, 0 = 98*j - 94*j - 3*w - 660328. Is j composite?
False
Is (1*3/2)/((-8)/300570256*-69) composite?
True
Let q(r) = 2*r**3 + 18*r**2 - 29*r + 25. Let c be q(16). Suppose -10*k - c + 73991 = 0. Is k a prime number?
True
Let t = -475 - -2302. Suppose 2*w - t = w. Suppose -3*v - w = -5250. Is v composite?
True
Let u = 69 + -72. Is (8/(144/207))/(u/(-3954)) a composite number?
True
Suppose -4*u - 1487*m + 524352 = -1483*m, -5*m + 524359 = 4*u. Is u composite?
True
Suppose m - 4*d + 18 = 0, 1 = -4*m + d + 4. Suppose 4*i - 89 = -3*f, -4*f - m*i + 119 = 3*i. Suppose 26*q - f*q = -10195. Is q a composite number?
False
Suppose -2*f - 6434 = -3*s, 0 = -5*s - 5*f + 6*f + 10714. Let w = s - -2167. Is w composite?
True
Let z(j) = 2*j**2 - 6*j. Let u be z(6). Suppose 5*s = -16 + u. Suppose -4*n + 3*d + 2960 = 0, s*n = -4*d + 8*d + 2956. Is n a composite number?
False
Let d(r) = -14*r**2 - 1 + 2 + 0 + 40*r - 47*r + 2*r**3. Is d(12) composite?
True
Let f(y) = y - 1. Let o(p) = -182*p - 5. Let x(s) = -2*f(s) - o(s). Suppose -5*a - 3*n + 6 = -6, -3*a - 5*n = -4. Is x(a) prime?
True
Let i = 69284 - -20495. Is i prime?
True
Suppose 4*a + 5*n - 65 = 0, 2*a = -3*a - n + 97. Let v be -1 + (-5)/(-3) + a/(-30). Suppose 9*j - 7*j - 218 = v. Is j prime?
True
Let h(m) = -m - 6. Let w be h(-8). Suppose 4 - 8 = w*s, -5*s + 453 = c. Is c prime?
True
Suppose -8*g + 233 + 71 = 0. Suppose c = 731 + g. Is c a prime number?
True
Suppose 5*z = t - 14, 2*z - 7*z - 18 = 3*t. Let a be -3855 - (4/14)/(z/(-21)). Let g = 5578 + a. Is g prime?
True
Let x(p) be the first derivative of 60*p**3 + 17*p**2/2 - p - 37. Is x(-4) composite?
True
Let x(a) = 1924*a**2 - 3*a + 2. Suppose 2*c + 3*w + 13 = 0, -c = -5*c - 5*w - 21. Let o be x(c). Le